{"id":11627,"date":"2024-07-01T20:48:39","date_gmt":"2024-07-01T18:48:39","guid":{"rendered":"https:\/\/jbtoyscollector.com\/?product=g-i-joe-classified-series-tunnel-rat"},"modified":"2024-07-01T22:44:11","modified_gmt":"2024-07-01T20:44:11","slug":"g-i-joe-classified-series-tunnel-rat","status":"publish","type":"product","link":"https:\/\/jbtoyscollector.com\/?product=g-i-joe-classified-series-tunnel-rat","title":{"rendered":"G.I. Joe Classified Series Tunnel Rat"},"content":{"rendered":"<p>Historia y Participaci\u00f3n<br \/>\n Tunnel Rat es representado como un miembro valiente y decidido del equipo G.I. Joe, especializado en misiones que requieren infiltraci\u00f3n y conocimientos t\u00e9cnicos. Su habilidad para navegar en entornos subterr\u00e1neos y desactivar explosivos lo convierte en un activo crucial en operaciones contra la organizaci\u00f3n terrorista Cobra y otros enemigos.<\/p>\n","protected":false},"excerpt":{"rendered":"<p>unnel Rat (G.I. Joe)<br \/>\n Nombre Real: Nicky Lee<br \/>\n Afiliaci\u00f3n: G.I. Joe<br \/>\n Funci\u00f3n Principal: Operaciones Especiales y Desactivaci\u00f3n de Explosivos<\/p>\n<p> Caracter\u00edsticas y Habilidades<br \/>\n Especializaci\u00f3n en Operaciones Subterr\u00e1neas: Tunnel Rat es experto en operaciones en t\u00faneles y entornos subterr\u00e1neos. Tiene un profundo conocimiento de geolog\u00eda y t\u00e9cnicas de navegaci\u00f3n subterr\u00e1nea.<br \/>\n Desactivaci\u00f3n de Explosivos: Es h\u00e1bil en la desactivaci\u00f3n de explosivos y en la manipulaci\u00f3n de dispositivos explosivos improvisados.<br \/>\n Habilidades de Combate: Aunque prefiere evitar el combate directo, Tunnel Rat est\u00e1 entrenado en t\u00e9cnicas de combate mano a mano y con armas de fuego.<\/p>\n","protected":false},"featured_media":11726,"comment_status":"open","ping_status":"closed","template":"","meta":[],"product_cat":[],"product_tag":[],"acf":[],"_links":{"self":[{"href":"https:\/\/jbtoyscollector.com\/index.php?rest_route=\/wp\/v2\/product\/11627"}],"collection":[{"href":"https:\/\/jbtoyscollector.com\/index.php?rest_route=\/wp\/v2\/product"}],"about":[{"href":"https:\/\/jbtoyscollector.com\/index.php?rest_route=\/wp\/v2\/types\/product"}],"replies":[{"embeddable":true,"href":"https:\/\/jbtoyscollector.com\/index.php?rest_route=%2Fwp%2Fv2%2Fcomments&post=11627"}],"wp:featuredmedia":[{"embeddable":true,"href":"https:\/\/jbtoyscollector.com\/index.php?rest_route=\/wp\/v2\/media\/11726"}],"wp:attachment":[{"href":"https:\/\/jbtoyscollector.com\/index.php?rest_route=%2Fwp%2Fv2%2Fmedia&parent=11627"}],"wp:term":[{"taxonomy":"product_cat","embeddable":true,"href":"https:\/\/jbtoyscollector.com\/index.php?rest_route=%2Fwp%2Fv2%2Fproduct_cat&post=11627"},{"taxonomy":"product_tag","embeddable":true,"href":"https:\/\/jbtoyscollector.com\/index.php?rest_route=%2Fwp%2Fv2%2Fproduct_tag&post=11627"}],"curies":[{"name":"wp","href":"https:\/\/api.w.org\/{rel}","templated":true}]}}