{"id":11622,"date":"2024-07-01T20:48:37","date_gmt":"2024-07-01T18:48:37","guid":{"rendered":"https:\/\/jbtoyscollector.com\/?product=pop-marvel-loki-president-loki"},"modified":"2024-07-01T22:44:10","modified_gmt":"2024-07-01T20:44:10","slug":"pop-marvel-loki-president-loki","status":"publish","type":"product","link":"https:\/\/jbtoyscollector.com\/?product=pop-marvel-loki-president-loki","title":{"rendered":"Pop! Marvel: Loki &#8211; President Loki"},"content":{"rendered":"<p>Caracter\u00edsticas y Habilidades<br \/>\n Ascendencia Divina: Loki es el hijo adoptivo de Od\u00edn y Frigga, y hermano de Thor. Originalmente, es un gigante de hielo (Jotun) de Jotunheim.<br \/>\n Magia y Hechicer\u00eda: Loki es un maestro en las artes m\u00e1gicas y hechicer\u00eda, capaz de lanzar poderosos conjuros, crear ilusiones, y alterar su forma f\u00edsica.<br \/>\n Intelecto y Astucia: Es extremadamente inteligente y astuto, conocido por su capacidad para tramar complejas conspiraciones y enga\u00f1ar a sus oponentes.<br \/>\n Inmortalidad y Resistencia: Como asgardiano, Loki tiene una longevidad extraordinaria, fuerza sobrehumana y resistencia a las lesiones.<\/p>\n","protected":false},"excerpt":{"rendered":"<p>Loki es uno de los personajes m\u00e1s complejos y multifac\u00e9ticos del universo Marvel. Conocido tanto por su astucia y enga\u00f1o como por su b\u00fasqueda de redenci\u00f3n, Loki ha sido un antagonista central y, a veces, un antih\u00e9roe. Aqu\u00ed tienes una descripci\u00f3n detallada:<\/p>\n<p> Loki<br \/>\n Nombre Completo: Loki Laufeyson<br \/>\n Alias: Dios de las Mentiras, Dios del Enga\u00f1o, Pr\u00edncipe de Asgard<br \/>\n Afiliaci\u00f3n: Asgard, Vengadores (ocasionalmente), Jotunheim<br \/>\n Funci\u00f3n Principal: Villano, antih\u00e9roe, dios del enga\u00f1o<\/p>\n","protected":false},"featured_media":11721,"comment_status":"open","ping_status":"closed","template":"","meta":[],"product_cat":[],"product_tag":[],"acf":[],"_links":{"self":[{"href":"https:\/\/jbtoyscollector.com\/index.php?rest_route=\/wp\/v2\/product\/11622"}],"collection":[{"href":"https:\/\/jbtoyscollector.com\/index.php?rest_route=\/wp\/v2\/product"}],"about":[{"href":"https:\/\/jbtoyscollector.com\/index.php?rest_route=\/wp\/v2\/types\/product"}],"replies":[{"embeddable":true,"href":"https:\/\/jbtoyscollector.com\/index.php?rest_route=%2Fwp%2Fv2%2Fcomments&post=11622"}],"wp:featuredmedia":[{"embeddable":true,"href":"https:\/\/jbtoyscollector.com\/index.php?rest_route=\/wp\/v2\/media\/11721"}],"wp:attachment":[{"href":"https:\/\/jbtoyscollector.com\/index.php?rest_route=%2Fwp%2Fv2%2Fmedia&parent=11622"}],"wp:term":[{"taxonomy":"product_cat","embeddable":true,"href":"https:\/\/jbtoyscollector.com\/index.php?rest_route=%2Fwp%2Fv2%2Fproduct_cat&post=11622"},{"taxonomy":"product_tag","embeddable":true,"href":"https:\/\/jbtoyscollector.com\/index.php?rest_route=%2Fwp%2Fv2%2Fproduct_tag&post=11622"}],"curies":[{"name":"wp","href":"https:\/\/api.w.org\/{rel}","templated":true}]}}