{"id":11598,"date":"2024-07-01T20:48:26","date_gmt":"2024-07-01T18:48:26","guid":{"rendered":"https:\/\/jbtoyscollector.com\/?product=x-men-97-marvel-legends-magneto"},"modified":"2024-07-01T22:44:01","modified_gmt":"2024-07-01T20:44:01","slug":"x-men-97-marvel-legends-magneto","status":"publish","type":"product","link":"https:\/\/jbtoyscollector.com\/?product=x-men-97-marvel-legends-magneto","title":{"rendered":"X-Men &#8217;97 Marvel Legends Magneto"},"content":{"rendered":"<p>Caracter\u00edsticas y Habilidades<br \/>\n Poderes: Magneto puede generar y controlar campos magn\u00e9ticos, lo que le permite manipular metales, crear campos de fuerza y volar.<br \/>\n Intelecto: Adem\u00e1s de sus poderes, es un genio en f\u00edsica y tecnolog\u00eda.<br \/>\n Personalidad: Magneto es complejo, motivado por su tr\u00e1gica historia como superviviente del Holocausto. Cree fervientemente en la superioridad mutante y a menudo utiliza m\u00e9todos extremos para proteger a los mutantes de la persecuci\u00f3n.<br \/>\n Rol en los X-Men<br \/>\n Magneto es a menudo el principal antagonista de los X-Men, aunque su relaci\u00f3n con ellos es ambigua. A lo largo de los a\u00f1os, ha oscilado entre ser un villano y un aliado, dependiendo de las circunstancias y de su propia evoluci\u00f3n moral y filos\u00f3fica.<\/p>\n<p> Magneto es un personaje profundo y multifac\u00e9tico, cuyo carisma y convicciones lo convierten en uno de los m\u00e1s interesantes y memorables del universo Marvel.<\/p>\n","protected":false},"excerpt":{"rendered":"<p>Magneto es un personaje emblem\u00e1tico del universo de los X-Men en Marvel Comics. Creado por Stan Lee y Jack Kirby, hizo su debut en &#8220;X-Men&#8221; #1 en 1963. Su verdadero nombre es Max Eisenhardt, aunque tambi\u00e9n es conocido como Erik Lehnsherr. Magneto es un poderoso mutante con la habilidad de manipular y controlar los campos magn\u00e9ticos.<\/p>\n","protected":false},"featured_media":11699,"comment_status":"open","ping_status":"closed","template":"","meta":[],"product_cat":[],"product_tag":[],"acf":[],"_links":{"self":[{"href":"https:\/\/jbtoyscollector.com\/index.php?rest_route=\/wp\/v2\/product\/11598"}],"collection":[{"href":"https:\/\/jbtoyscollector.com\/index.php?rest_route=\/wp\/v2\/product"}],"about":[{"href":"https:\/\/jbtoyscollector.com\/index.php?rest_route=\/wp\/v2\/types\/product"}],"replies":[{"embeddable":true,"href":"https:\/\/jbtoyscollector.com\/index.php?rest_route=%2Fwp%2Fv2%2Fcomments&post=11598"}],"wp:featuredmedia":[{"embeddable":true,"href":"https:\/\/jbtoyscollector.com\/index.php?rest_route=\/wp\/v2\/media\/11699"}],"wp:attachment":[{"href":"https:\/\/jbtoyscollector.com\/index.php?rest_route=%2Fwp%2Fv2%2Fmedia&parent=11598"}],"wp:term":[{"taxonomy":"product_cat","embeddable":true,"href":"https:\/\/jbtoyscollector.com\/index.php?rest_route=%2Fwp%2Fv2%2Fproduct_cat&post=11598"},{"taxonomy":"product_tag","embeddable":true,"href":"https:\/\/jbtoyscollector.com\/index.php?rest_route=%2Fwp%2Fv2%2Fproduct_tag&post=11598"}],"curies":[{"name":"wp","href":"https:\/\/api.w.org\/{rel}","templated":true}]}}