{"id":11581,"date":"2024-07-01T20:48:17","date_gmt":"2024-07-01T18:48:17","guid":{"rendered":"https:\/\/jbtoyscollector.com\/?product=masters-of-the-universe-origins-tri-klops-fan-favorite"},"modified":"2024-07-01T22:43:56","modified_gmt":"2024-07-01T20:43:56","slug":"masters-of-the-universe-origins-tri-klops-fan-favorite","status":"publish","type":"product","link":"https:\/\/jbtoyscollector.com\/?product=masters-of-the-universe-origins-tri-klops-fan-favorite","title":{"rendered":"Masters of the Universe: Origins Tri-Klops (Fan Favorite)"},"content":{"rendered":"<p>A menudo se le representa como un estratega astuto y siniestro que utiliza su inteligencia y sus habilidades en el combate para derrotar a sus enemigos. Es leal a Skeletor y est\u00e1 dispuesto a seguir sus \u00f3rdenes sin cuestionarlas, lo que lo convierte en un miembro valioso de las fuerzas del mal en Eternia.<\/p>\n<p> Papel en la Serie de Televisi\u00f3n y en los C\u00f3mics<br \/>\n En la serie animada de &#8220;He-Man y los Masters del Universo&#8221; de los a\u00f1os 80, Triklops es presentado como uno de los secuaces m\u00e1s confiables de Skeletor. Es conocido por su destreza en el combate y su habilidad para usar su visi\u00f3n tridimensional para detectar a los enemigos ocultos. Triklops a menudo lidera las fuerzas de Skeletor en batallas contra He-Man y los Masters del Universo.<\/p>\n<p> Adem\u00e1s de la serie animada, Triklops ha aparecido en c\u00f3mics, libros y otros medios relacionados con la franquicia de &#8220;Masters del Universo&#8221;. Su papel como uno de los principales secuaces de Skeletor lo ha convertido en un personaje ic\u00f3nico en la serie y en un villano memorable en la cultura pop.<\/p>\n","protected":false},"excerpt":{"rendered":"<p>riklops es un personaje ficticio de la franquicia &#8220;Masters del Universo&#8221; (&#8220;Masters of the Universe&#8221;) de Mattel. Es conocido como uno de los secuaces m\u00e1s prominentes de Skeletor, el principal antagonista de la serie. Triklops es un guerrero experto con una habilidad \u00fanica que lo hace peligroso en combate.<\/p>\n<p> Caracter\u00edsticas de Triklops<br \/>\n Triklops es un guerrero con una apariencia distintiva. Tiene tres ojos en su cabeza, lo que le otorga una visi\u00f3n tridimensional mejorada y le permite ver en todas las direcciones simult\u00e1neamente. Adem\u00e1s de sus habilidades visuales mejoradas, Triklops es un luchador h\u00e1bil que utiliza una variedad de armas y tecnolog\u00eda avanzada en combate.<\/p>\n","protected":false},"featured_media":11682,"comment_status":"open","ping_status":"closed","template":"","meta":[],"product_cat":[],"product_tag":[],"acf":[],"_links":{"self":[{"href":"https:\/\/jbtoyscollector.com\/index.php?rest_route=\/wp\/v2\/product\/11581"}],"collection":[{"href":"https:\/\/jbtoyscollector.com\/index.php?rest_route=\/wp\/v2\/product"}],"about":[{"href":"https:\/\/jbtoyscollector.com\/index.php?rest_route=\/wp\/v2\/types\/product"}],"replies":[{"embeddable":true,"href":"https:\/\/jbtoyscollector.com\/index.php?rest_route=%2Fwp%2Fv2%2Fcomments&post=11581"}],"wp:featuredmedia":[{"embeddable":true,"href":"https:\/\/jbtoyscollector.com\/index.php?rest_route=\/wp\/v2\/media\/11682"}],"wp:attachment":[{"href":"https:\/\/jbtoyscollector.com\/index.php?rest_route=%2Fwp%2Fv2%2Fmedia&parent=11581"}],"wp:term":[{"taxonomy":"product_cat","embeddable":true,"href":"https:\/\/jbtoyscollector.com\/index.php?rest_route=%2Fwp%2Fv2%2Fproduct_cat&post=11581"},{"taxonomy":"product_tag","embeddable":true,"href":"https:\/\/jbtoyscollector.com\/index.php?rest_route=%2Fwp%2Fv2%2Fproduct_tag&post=11581"}],"curies":[{"name":"wp","href":"https:\/\/api.w.org\/{rel}","templated":true}]}}