{"id":11579,"date":"2024-07-01T20:48:16","date_gmt":"2024-07-01T18:48:16","guid":{"rendered":"https:\/\/jbtoyscollector.com\/?product=masters-of-the-universe-origins-mer-man-cartoon-collection"},"modified":"2024-07-01T22:43:55","modified_gmt":"2024-07-01T20:43:55","slug":"masters-of-the-universe-origins-mer-man-cartoon-collection","status":"publish","type":"product","link":"https:\/\/jbtoyscollector.com\/?product=masters-of-the-universe-origins-mer-man-cartoon-collection","title":{"rendered":"Masters of the Universe: Origins Mer-Man (Cartoon Collection)"},"content":{"rendered":"<p>En la serie animada de &#8220;He-Man y los Masters del Universo&#8221; de los a\u00f1os 80, Mer-Man aparece como uno de los villanos recurrentes que se enfrentan a He-Man y sus aliados en su lucha por proteger Eternia de las fuerzas del mal. A menudo se le ve trabajando junto a otros secuaces de Skeletor, como Beast Man, Evil-Lyn y Trap Jaw, en sus intentos por conquistar el Castillo de Grayskull y obtener el poder supremo.<\/p>\n<p> Mer-Man tambi\u00e9n ha aparecido en otros medios relacionados con la franquicia de &#8220;Masters del Universo&#8221;, incluyendo c\u00f3mics, libros y series de juguetes. Su papel como uno de los principales secuaces de Skeletor lo ha convertido en un personaje ic\u00f3nico en la serie y en un villano memorable en la cultura pop.<\/p>\n","protected":false},"excerpt":{"rendered":"<p>Mer-Man es un hombre-pez con escamas verdes y una apariencia que recuerda a un trit\u00f3n o un ser acu\u00e1tico. Es conocido por su lealtad a Skeletor y por su capacidad para controlar a las criaturas marinas y utilizarlas en sus planes malvados. Mer-Man a menudo se muestra como un personaje astuto y siniestro que no duda en usar la violencia para lograr sus objetivos.<\/p>\n<p> Adem\u00e1s de su habilidad para controlar a los animales marinos, Mer-Man tambi\u00e9n es un guerrero formidable que utiliza armas y magia para luchar contra los h\u00e9roes de Eternia, como He-Man y los Masters del Universo. Aunque no es el m\u00e1s inteligente de los secuaces de Skeletor, Mer-Man es un adversario peligroso y una amenaza para los h\u00e9roes en el agua y en tierra firme.<\/p>\n","protected":false},"featured_media":11680,"comment_status":"open","ping_status":"closed","template":"","meta":[],"product_cat":[],"product_tag":[],"acf":[],"_links":{"self":[{"href":"https:\/\/jbtoyscollector.com\/index.php?rest_route=\/wp\/v2\/product\/11579"}],"collection":[{"href":"https:\/\/jbtoyscollector.com\/index.php?rest_route=\/wp\/v2\/product"}],"about":[{"href":"https:\/\/jbtoyscollector.com\/index.php?rest_route=\/wp\/v2\/types\/product"}],"replies":[{"embeddable":true,"href":"https:\/\/jbtoyscollector.com\/index.php?rest_route=%2Fwp%2Fv2%2Fcomments&post=11579"}],"wp:featuredmedia":[{"embeddable":true,"href":"https:\/\/jbtoyscollector.com\/index.php?rest_route=\/wp\/v2\/media\/11680"}],"wp:attachment":[{"href":"https:\/\/jbtoyscollector.com\/index.php?rest_route=%2Fwp%2Fv2%2Fmedia&parent=11579"}],"wp:term":[{"taxonomy":"product_cat","embeddable":true,"href":"https:\/\/jbtoyscollector.com\/index.php?rest_route=%2Fwp%2Fv2%2Fproduct_cat&post=11579"},{"taxonomy":"product_tag","embeddable":true,"href":"https:\/\/jbtoyscollector.com\/index.php?rest_route=%2Fwp%2Fv2%2Fproduct_tag&post=11579"}],"curies":[{"name":"wp","href":"https:\/\/api.w.org\/{rel}","templated":true}]}}