{"id":11561,"date":"2024-07-01T20:48:06","date_gmt":"2024-07-01T18:48:06","guid":{"rendered":"https:\/\/jbtoyscollector.com\/?product=masters-of-the-universe-origins-turtles-of-grayskull-casey-jones"},"modified":"2024-07-01T22:43:49","modified_gmt":"2024-07-01T20:43:49","slug":"masters-of-the-universe-origins-turtles-of-grayskull-casey-jones","status":"publish","type":"product","link":"https:\/\/jbtoyscollector.com\/?product=masters-of-the-universe-origins-turtles-of-grayskull-casey-jones","title":{"rendered":"Masters of the Universe: Origins Turtles of Grayskull Casey Jones"},"content":{"rendered":"<p>Personalidad y Motivaciones<br \/>\n Casey Jones es conocido por ser un personaje impulsivo y de temperamento fuerte. Es un defensor apasionado de la justicia y est\u00e1 dispuesto a enfrentarse a cualquier amenaza que se interponga en su camino, ya sean delincuentes callejeros o enemigos sobrenaturales como los miembros del Clan del Pie. Aunque su enfoque puede ser un tanto imprudente, su coraz\u00f3n est\u00e1 en el lugar correcto y est\u00e1 profundamente comprometido a proteger a los inocentes.<\/p>\n<p> Relaci\u00f3n con las Tortugas Ninja<br \/>\n A lo largo de las diferentes encarnaciones de TMNT, Casey Jones ha tenido una relaci\u00f3n cercana con las Tortugas Ninja. A menudo, se asocia con ellos para enfrentarse a enemigos comunes y proteger la ciudad de Nueva York. Aunque inicialmente puede tener desacuerdos con las Tortugas debido a sus m\u00e9todos m\u00e1s brutales, eventualmente se convierte en un aliado valioso y un miembro honorario del equipo.<\/p>\n<p> Adaptaciones y Apariciones<br \/>\n Casey Jones ha aparecido en numerosas adaptaciones de TMNT, incluyendo series animadas, pel\u00edculas y videojuegos. Algunas de sus apariciones m\u00e1s notables incluyen:<\/p>\n<p> Series animadas: Casey Jones ha sido un personaje recurrente en varias series animadas de TMNT, incluyendo la serie original de los a\u00f1os 80, as\u00ed como las versiones m\u00e1s recientes como &#8220;Teenage Mutant Ninja Turtles&#8221; (2003) y &#8220;Rise of the Teenage Mutant Ninja Turtles&#8221; (2018).<br \/>\n Pel\u00edculas: Ha sido representado en varias pel\u00edculas de TMNT, incluyendo la pel\u00edcula animada &#8220;Teenage Mutant Ninja Turtles&#8221; (1990), as\u00ed como las pel\u00edculas de acci\u00f3n en vivo como &#8220;Teenage Mutant Ninja Turtles&#8221; (1990) y &#8220;Teenage Mutant Ninja Turtles: Out of the Shadows&#8221; (2016).<br \/>\n Videojuegos: Casey Jones ha aparecido como un personaje jugable en varios videojuegos de TMNT, permitiendo a los jugadores utilizar su estilo de lucha \u00fanico y su arsenal de armas improvisadas.<\/p>\n","protected":false},"excerpt":{"rendered":"<p>Casey Jones es un personaje ficticio del universo de las Tortugas Ninja Mutantes Adolescentes de la franquicia de c\u00f3mics, pel\u00edculas, series animadas y videojuegos de Teenage Mutant Ninja Turtles (TMNT). Es conocido por ser un aliado vigilante de las Tortugas Ninja y por su uso de armas improvisadas, as\u00ed como por su caracter\u00edstica m\u00e1scara de hockey.<\/p>\n","protected":false},"featured_media":11662,"comment_status":"open","ping_status":"closed","template":"","meta":[],"product_cat":[],"product_tag":[],"acf":[],"_links":{"self":[{"href":"https:\/\/jbtoyscollector.com\/index.php?rest_route=\/wp\/v2\/product\/11561"}],"collection":[{"href":"https:\/\/jbtoyscollector.com\/index.php?rest_route=\/wp\/v2\/product"}],"about":[{"href":"https:\/\/jbtoyscollector.com\/index.php?rest_route=\/wp\/v2\/types\/product"}],"replies":[{"embeddable":true,"href":"https:\/\/jbtoyscollector.com\/index.php?rest_route=%2Fwp%2Fv2%2Fcomments&post=11561"}],"wp:featuredmedia":[{"embeddable":true,"href":"https:\/\/jbtoyscollector.com\/index.php?rest_route=\/wp\/v2\/media\/11662"}],"wp:attachment":[{"href":"https:\/\/jbtoyscollector.com\/index.php?rest_route=%2Fwp%2Fv2%2Fmedia&parent=11561"}],"wp:term":[{"taxonomy":"product_cat","embeddable":true,"href":"https:\/\/jbtoyscollector.com\/index.php?rest_route=%2Fwp%2Fv2%2Fproduct_cat&post=11561"},{"taxonomy":"product_tag","embeddable":true,"href":"https:\/\/jbtoyscollector.com\/index.php?rest_route=%2Fwp%2Fv2%2Fproduct_tag&post=11561"}],"curies":[{"name":"wp","href":"https:\/\/api.w.org\/{rel}","templated":true}]}}